{"id":14569,"date":"2026-02-03T12:59:53","date_gmt":"2026-02-03T12:59:53","guid":{"rendered":"https:\/\/horasan.dijitalpiksel.com\/?page_id=14569"},"modified":"2026-02-10T23:07:11","modified_gmt":"2026-02-10T23:07:11","slug":"afganistan-insani-yardim-projeleri","status":"publish","type":"page","link":"https:\/\/horasan.dijitalpiksel.com\/?page_id=14569","title":{"rendered":"\u0130nsani Yard\u0131m Projeleri"},"content":{"rendered":"\t\t<div data-elementor-type=\"wp-page\" data-elementor-id=\"14569\" class=\"elementor elementor-14569\">\n\t\t\t\t\t\t<section class=\"elementor-section elementor-top-section elementor-element elementor-element-df26b5c elementor-section-stretched elementor-section-content-middle elementor-section-boxed elementor-section-height-default elementor-section-height-default\" data-id=\"df26b5c\" data-element_type=\"section\" data-settings=\"{&quot;stretch_section&quot;:&quot;section-stretched&quot;,&quot;background_background&quot;:&quot;classic&quot;}\">\n\t\t\t\t\t\t\t<div class=\"elementor-background-overlay\"><\/div>\n\t\t\t\t\t\t\t<div class=\"elementor-container elementor-column-gap-default\">\n\t\t\t\t\t<div class=\"elementor-column elementor-col-100 elementor-top-column elementor-element elementor-element-20558a88\" data-id=\"20558a88\" data-element_type=\"column\">\n\t\t\t<div class=\"elementor-widget-wrap elementor-element-populated\">\n\t\t\t\t\t\t<div class=\"elementor-element elementor-element-45cdbdb8 elementor-widget elementor-widget-heading\" data-id=\"45cdbdb8\" data-element_type=\"widget\" data-widget_type=\"heading.default\">\n\t\t\t\t\t<h1 class=\"elementor-heading-title elementor-size-default\">\u0130nsani Yard\u0131m Projeleri<\/h1>\t\t\t\t<\/div>\n\t\t\t\t\t<\/div>\n\t\t<\/div>\n\t\t\t\t\t<\/div>\n\t\t<\/section>\n\t\t\t\t<section class=\"elementor-section elementor-top-section elementor-element elementor-element-2bfe03a5 elementor-section-stretched elementor-section-boxed elementor-section-height-default elementor-section-height-default\" data-id=\"2bfe03a5\" data-element_type=\"section\" data-settings=\"{&quot;stretch_section&quot;:&quot;section-stretched&quot;,&quot;background_background&quot;:&quot;classic&quot;}\">\n\t\t\t\t\t\t<div class=\"elementor-container elementor-column-gap-default\">\n\t\t\t\t\t<div class=\"elementor-column elementor-col-100 elementor-top-column elementor-element elementor-element-623633c1\" data-id=\"623633c1\" data-element_type=\"column\">\n\t\t\t<div class=\"elementor-widget-wrap elementor-element-populated\">\n\t\t\t\t\t\t<div class=\"elementor-element elementor-element-07dac24 elementor-widget elementor-widget-text-editor\" data-id=\"07dac24\" data-element_type=\"widget\" data-widget_type=\"text-editor.default\">\n\t\t\t\t\t\t\t\t\t<h4><a name=\"_Toc174710813\"><\/a> <span lang=\"tr-TR\"><b>Toplu S\u00fcnnet Merasimi<\/b><\/span><\/h4><p>\u00a0<\/p><p align=\"justify\"><span lang=\"en-US\">Bu proje, Afganistan&#8217;daki yetim ve yoksul \u00e7ocuklar\u0131n ya\u015fam ko\u015fullar\u0131n\u0131 iyile\u015ftirmeyi, toplumsal dayan\u0131\u015fmay\u0131 g\u00fc\u00e7lendirmeyi ve onlara daha parlak bir gelecek sunmay\u0131 ama\u00e7lamaktad\u0131r. \u00d6zellikle ebeveynlerinden en az birini kaybetmi\u015f veya maddi imkans\u0131zl\u0131klar i\u00e7inde ya\u015fayan \u00e7ocuklara y\u00f6nelik olarak geli\u015ftirilen bu proje, onlar\u0131n dini ve sosyal hayata entegrasyonunu desteklemeyi hedeflemektedir.<\/span><\/p><p align=\"justify\">\u00a0<\/p><p align=\"justify\"><span lang=\"en-US\"><b>Proje \u00d6zeti:<\/b><\/span><\/p><p align=\"justify\"><span lang=\"en-US\">Afganistan\u2019da ya\u015fayan yetim ve yoksul \u00e7ocuklar i\u00e7in toplu s\u00fcnnet merasimleri d\u00fczenlemek, bu \u00e7ocuklar\u0131n sa\u011fl\u0131k, e\u011fitim ve toplumsal kabul s\u00fcre\u00e7lerine katk\u0131 sa\u011flamay\u0131 ama\u00e7lamaktad\u0131r. Proje, \u00e7ocuklara hem dini vecibelerini yerine getirme imkan\u0131 sunacak hem de onlara dayan\u0131\u015fma ve aidiyet duygusu kazand\u0131racakt\u0131r. Ayr\u0131ca, e\u011fitim materyalleri ve k\u0131rtasiye malzemeleri da\u011f\u0131tarak \u00e7ocuklar\u0131n e\u011fitimine destek verilmesi planlanmaktad\u0131r.<\/span><\/p><p align=\"justify\">\u00a0<\/p><p align=\"justify\"><span lang=\"en-US\"><b>Proje Ama\u00e7lar\u0131:<\/b><\/span><\/p><p align=\"justify\">\u00a0<\/p><p align=\"justify\"><span lang=\"en-US\"><b>S\u00fcnnet Masraflar\u0131n\u0131n Kar\u015f\u0131lanmas\u0131:<\/b><\/span><span lang=\"en-US\"> Maddi durumu yetersiz olan \u00e7ocuklar\u0131n s\u00fcnnet masraflar\u0131n\u0131n kar\u015f\u0131lanmas\u0131 ve dini y\u00fck\u00fcml\u00fcl\u00fcklerini yerine getirebilmeleri.<\/span><\/p><p align=\"justify\">\u00a0<\/p><p align=\"justify\"><span lang=\"en-US\"><b>Sa\u011fl\u0131k Kontrolleri ve Tedavi:<\/b><\/span><span lang=\"en-US\"> S\u00fcnnet \u00f6ncesinde ve sonras\u0131nda \u00e7ocuklar\u0131n sa\u011fl\u0131k kontrollerinin yap\u0131lmas\u0131 ve ihtiya\u00e7 duyulan tedavi imkanlar\u0131n\u0131n sa\u011flanmas\u0131.<\/span><\/p><p align=\"justify\">\u00a0<\/p><p align=\"justify\"><span lang=\"en-US\"><b>Toplumsal Dayan\u0131\u015fma ve Aidiyet:<\/b><\/span><span lang=\"en-US\"> Toplu s\u00fcnnet merasimi organizasyonu ile \u00e7ocuklara toplumsal dayan\u0131\u015fma, aidiyet ve topluluk duygusunun kazand\u0131r\u0131lmas\u0131.<\/span><\/p><p align=\"justify\">\u00a0<\/p><p align=\"justify\"><span lang=\"en-US\"><b>E\u011fitim Deste\u011fi:<\/b><\/span><span lang=\"en-US\"> S\u00fcnnet merasimi s\u0131ras\u0131nda \u00e7ocuklara e\u011fitim materyalleri ve k\u0131rtasiye malzemeleri da\u011f\u0131t\u0131larak e\u011fitimlerine katk\u0131 sa\u011flanmas\u0131.<\/span><\/p><p align=\"justify\">\u00a0<\/p><p align=\"justify\"><span lang=\"en-US\"><b>Proje Faaliyetleri:<\/b><\/span><\/p><p align=\"justify\">\u00a0<\/p><p align=\"justify\"><span lang=\"en-US\"><b>\u00c7ocuklar\u0131n Belirlenmesi:<\/b><\/span><span lang=\"en-US\"> Yetim ve yoksul \u00e7ocuklar\u0131n tespit edilerek kay\u0131t alt\u0131na al\u0131nmas\u0131.<\/span><\/p><p align=\"justify\">\u00a0<\/p><p align=\"justify\"><span lang=\"en-US\"><b>Organizasyon Altyap\u0131s\u0131:<\/b><\/span><span lang=\"en-US\"> S\u00fcnnet merasimi i\u00e7in gerekli organizasyon altyap\u0131s\u0131n\u0131n olu\u015fturulmas\u0131, mek\u00e2n, sa\u011fl\u0131k ekipleri ve lojistik ihtiya\u00e7lar\u0131n kar\u015f\u0131lanmas\u0131.<\/span><\/p><p align=\"justify\">\u00a0<\/p><p align=\"justify\"><span lang=\"en-US\"><b>Malzeme Temini:<\/b><\/span><span lang=\"en-US\"> S\u00fcnnet k\u0131yafetleri, hediyeler, e\u011fitim materyalleri ve k\u0131rtasiye malzemelerinin temin edilmesi.<\/span><\/p><p align=\"justify\">\u00a0<\/p><p align=\"justify\"><span lang=\"en-US\"><b>Merasim D\u00fczenlenmesi:<\/b><\/span><span lang=\"en-US\"> Toplu s\u00fcnnet merasiminin organize edilmesi, \u00e7ocuklara hediyeler verilmesi ve etkinlik s\u00fcrecinin planlanmas\u0131.<\/span><\/p><p align=\"justify\">\u00a0<\/p><p align=\"justify\"><span lang=\"en-US\"><b>Beklenen Sonu\u00e7lar:<\/b><\/span><\/p><ul><li><p align=\"justify\"><span lang=\"en-US\">Yetim ve yoksul \u00e7ocuklar\u0131n dini vecibelerini yerine getirmeleri ve sa\u011fl\u0131k a\u00e7\u0131s\u0131ndan g\u00fc\u00e7lenmeleri.<\/span><\/p><\/li><li><p align=\"justify\"><span lang=\"en-US\">\u00c7ocuklar\u0131n toplumsal dayan\u0131\u015fma ve aidiyet duygular\u0131n\u0131n geli\u015fmesi.<\/span><\/p><\/li><li><p align=\"justify\"><span lang=\"en-US\">E\u011fitim deste\u011fi ile \u00e7ocuklar\u0131n \u00f6\u011frenim s\u00fcre\u00e7lerine katk\u0131 sa\u011flanmas\u0131.<\/span><\/p><\/li><li><p align=\"justify\"><span lang=\"en-US\">Toplumun farkl\u0131 kesimleri aras\u0131nda dayan\u0131\u015fma ruhunun peki\u015fmesi.<\/span><\/p><\/li><\/ul>\t\t\t\t\t\t\t\t<\/div>\n\t\t\t\t<div class=\"elementor-element elementor-element-245df22 elementor-widget elementor-widget-spacer\" data-id=\"245df22\" data-element_type=\"widget\" data-widget_type=\"spacer.default\">\n\t\t\t\t\t\t\t<div class=\"elementor-spacer\">\n\t\t\t<div class=\"elementor-spacer-inner\"><\/div>\n\t\t<\/div>\n\t\t\t\t\t\t<\/div>\n\t\t\t\t<div class=\"elementor-element elementor-element-f41ef06 elementor-widget elementor-widget-text-editor\" data-id=\"f41ef06\" data-element_type=\"widget\" data-widget_type=\"text-editor.default\">\n\t\t\t\t\t\t\t\t\t<h4><a name=\"_Toc174710814\"><\/a> <span lang=\"tr-TR\"><b>Toplu D\u00fc\u011f\u00fcn Merasimi<\/b><\/span><\/h4><p>\u00a0<\/p><p align=\"justify\">Bu proje, Afganistan&#8217;da d\u00fc\u015f\u00fck gelirli ve maddi zorluklarla kar\u015f\u0131la\u015fan \u00e7iftlere destek sa\u011flamak amac\u0131yla toplu d\u00fc\u011f\u00fcn merasimleri d\u00fczenlemeyi hedefler. Proje, evlenmek isteyen \u00e7iftlere hem ekonomik hem de toplumsal destek sunarak, onlar\u0131n sa\u011fl\u0131kl\u0131 bir \u015fekilde evlilik hayatlar\u0131na ba\u015flamalar\u0131n\u0131 ama\u00e7lamaktad\u0131r.<\/p><p align=\"justify\">\u00a0<\/p><p align=\"justify\"><b>Proje Ama\u00e7lar\u0131<\/b><\/p><ul><li><p align=\"justify\">Maddi zorluklarla kar\u015f\u0131la\u015fan \u00e7iftlere ekonomik destek sa\u011flamak<\/p><\/li><li><p align=\"justify\">Toplu d\u00fc\u011f\u00fcn merasimi organizasyonu ile toplumsal dayan\u0131\u015fma ve birlik duygusunu g\u00fc\u00e7lendirmek.<\/p><\/li><li><p align=\"justify\">Temel d\u00fc\u011f\u00fcn masraflar\u0131n\u0131 kar\u015f\u0131layarak \u00e7iftlerin sa\u011fl\u0131kl\u0131 bir ba\u015flang\u0131\u00e7 yapmalar\u0131n\u0131 sa\u011flamak.<br \/><br \/><\/p><\/li><\/ul><p align=\"justify\"><b>Proje Faaliyetleri<\/b><\/p><ul><li><p align=\"justify\">Maddi zorluk i\u00e7indeki \u00e7iftlerin belirlenmesi ve kay\u0131t i\u015flemlerinin yap\u0131lmas\u0131.<\/p><\/li><li><p align=\"justify\">Toplu d\u00fc\u011f\u00fcn merasimi organizasyonu i\u00e7in gerekli altyap\u0131n\u0131n olu\u015fturulmas\u0131.<\/p><\/li><li><p align=\"justify\">D\u00fc\u011f\u00fcn k\u0131yafetleri, temel ihtiya\u00e7lar ve hediyelerin temini.<\/p><\/li><li><p align=\"justify\">Toplu d\u00fc\u011f\u00fcn merasimi etkinli\u011finin planlanmas\u0131 ve t\u00fcm detaylar\u0131n d\u00fczenlenmesi.<\/p><\/li><\/ul>\t\t\t\t\t\t\t\t<\/div>\n\t\t\t\t\t<\/div>\n\t\t<\/div>\n\t\t\t\t\t<\/div>\n\t\t<\/section>\n\t\t\t\t<\/div>\n\t\t","protected":false},"excerpt":{"rendered":"<p>\u0130nsani Yard\u0131m Projeleri Toplu S\u00fcnnet Merasimi \u00a0 Bu proje, Afganistan&#8217;daki yetim ve yoksul \u00e7ocuklar\u0131n ya\u015fam ko\u015fullar\u0131n\u0131 iyile\u015ftirmeyi, toplumsal dayan\u0131\u015fmay\u0131 g\u00fc\u00e7lendirmeyi ve onlara daha parlak bir gelecek sunmay\u0131 ama\u00e7lamaktad\u0131r. \u00d6zellikle ebeveynlerinden [&hellip;]<\/p>\n","protected":false},"author":1,"featured_media":0,"parent":0,"menu_order":0,"comment_status":"closed","ping_status":"closed","template":"","meta":{"give_campaign_id":0,"footnotes":""},"class_list":["post-14569","page","type-page","status-publish","hentry"],"campaignId":"","_links":{"self":[{"href":"https:\/\/horasan.dijitalpiksel.com\/index.php?rest_route=\/wp\/v2\/pages\/14569","targetHints":{"allow":["GET"]}}],"collection":[{"href":"https:\/\/horasan.dijitalpiksel.com\/index.php?rest_route=\/wp\/v2\/pages"}],"about":[{"href":"https:\/\/horasan.dijitalpiksel.com\/index.php?rest_route=\/wp\/v2\/types\/page"}],"author":[{"embeddable":true,"href":"https:\/\/horasan.dijitalpiksel.com\/index.php?rest_route=\/wp\/v2\/users\/1"}],"replies":[{"embeddable":true,"href":"https:\/\/horasan.dijitalpiksel.com\/index.php?rest_route=%2Fwp%2Fv2%2Fcomments&post=14569"}],"version-history":[{"count":7,"href":"https:\/\/horasan.dijitalpiksel.com\/index.php?rest_route=\/wp\/v2\/pages\/14569\/revisions"}],"predecessor-version":[{"id":15025,"href":"https:\/\/horasan.dijitalpiksel.com\/index.php?rest_route=\/wp\/v2\/pages\/14569\/revisions\/15025"}],"wp:attachment":[{"href":"https:\/\/horasan.dijitalpiksel.com\/index.php?rest_route=%2Fwp%2Fv2%2Fmedia&parent=14569"}],"curies":[{"name":"wp","href":"https:\/\/api.w.org\/{rel}","templated":true}]}}