{"id":14549,"date":"2026-02-03T12:49:22","date_gmt":"2026-02-03T12:49:22","guid":{"rendered":"https:\/\/horasan.dijitalpiksel.com\/?page_id=14549"},"modified":"2026-02-10T23:05:32","modified_gmt":"2026-02-10T23:05:32","slug":"bati-trakya-turk-toplumu-ile-kulturel-calistaylar","status":"publish","type":"page","link":"https:\/\/horasan.dijitalpiksel.com\/?page_id=14549","title":{"rendered":"Bat\u0131 Trakya T\u00fcrk Toplumu \u0130le K\u00fclt\u00fcrel \u00c7al\u0131\u015ftaylar"},"content":{"rendered":"\t\t<div data-elementor-type=\"wp-page\" data-elementor-id=\"14549\" class=\"elementor elementor-14549\">\n\t\t\t\t\t\t<section class=\"elementor-section elementor-top-section elementor-element elementor-element-df26b5c elementor-section-stretched elementor-section-content-middle elementor-section-boxed elementor-section-height-default elementor-section-height-default\" data-id=\"df26b5c\" data-element_type=\"section\" data-settings=\"{&quot;stretch_section&quot;:&quot;section-stretched&quot;,&quot;background_background&quot;:&quot;classic&quot;}\">\n\t\t\t\t\t\t\t<div class=\"elementor-background-overlay\"><\/div>\n\t\t\t\t\t\t\t<div class=\"elementor-container elementor-column-gap-default\">\n\t\t\t\t\t<div class=\"elementor-column elementor-col-100 elementor-top-column elementor-element elementor-element-20558a88\" data-id=\"20558a88\" data-element_type=\"column\">\n\t\t\t<div class=\"elementor-widget-wrap elementor-element-populated\">\n\t\t\t\t\t\t<div class=\"elementor-element elementor-element-45cdbdb8 elementor-widget elementor-widget-heading\" data-id=\"45cdbdb8\" data-element_type=\"widget\" data-widget_type=\"heading.default\">\n\t\t\t\t\t<h1 class=\"elementor-heading-title elementor-size-default\">Bat\u0131 Trakya T\u00fcrk Toplumu \u0130le K\u00fclt\u00fcrel \u00c7al\u0131\u015ftaylar<\/h1>\t\t\t\t<\/div>\n\t\t\t\t\t<\/div>\n\t\t<\/div>\n\t\t\t\t\t<\/div>\n\t\t<\/section>\n\t\t\t\t<section class=\"elementor-section elementor-top-section elementor-element elementor-element-2bfe03a5 elementor-section-stretched elementor-section-boxed elementor-section-height-default elementor-section-height-default\" data-id=\"2bfe03a5\" data-element_type=\"section\" data-settings=\"{&quot;stretch_section&quot;:&quot;section-stretched&quot;,&quot;background_background&quot;:&quot;classic&quot;}\">\n\t\t\t\t\t\t<div class=\"elementor-container elementor-column-gap-default\">\n\t\t\t\t\t<div class=\"elementor-column elementor-col-100 elementor-top-column elementor-element elementor-element-623633c1\" data-id=\"623633c1\" data-element_type=\"column\">\n\t\t\t<div class=\"elementor-widget-wrap elementor-element-populated\">\n\t\t\t\t\t\t<div class=\"elementor-element elementor-element-07dac24 elementor-widget elementor-widget-text-editor\" data-id=\"07dac24\" data-element_type=\"widget\" data-widget_type=\"text-editor.default\">\n\t\t\t\t\t\t\t\t\t<p align=\"justify\"><span lang=\"en-US\"><b>Tarih: <\/b><\/span><span lang=\"en-US\">Y\u0131l boyunca d\u00fczenli olarak ger\u00e7ekle\u015ftirilmektedir.<\/span><\/p><p align=\"justify\">\u00a0<\/p><p align=\"justify\"><span lang=\"en-US\"><b>Ama\u00e7: <\/b><\/span><span lang=\"en-US\">Avrupa\u2019da ya\u015fayan T\u00fcrk gen\u00e7leri ile T\u00fcrkiye\u2019deki gen\u00e7lerin bir araya gelerek sosyal konular ve e\u011fitim alanlar\u0131nda m\u00fczakereler yapmalar\u0131n\u0131 sa\u011flamak. Bu \u00e7al\u0131\u015fmalar, iki farkl\u0131 b\u00f6lgede ya\u015fayan gen\u00e7lerin ortak noktalar \u00fczerinde fikir al\u0131\u015fveri\u015finde bulunmalar\u0131n\u0131 ve k\u00fclt\u00fcrel ba\u011flar\u0131n\u0131 g\u00fc\u00e7lendirmeyi hedeflemektedir.<\/span><\/p><p align=\"justify\">\u00a0<\/p><p align=\"justify\"><span lang=\"en-US\"><b>\u0130\u015f Birli\u011fi: <\/b><\/span><span lang=\"en-US\">Bat\u0131 Trakya T\u00fcrk Toplumu ile ortak organizasyonlar d\u00fczenlenmi\u015f olup, bu i\u015f birli\u011fi etkinliklerin planlanmas\u0131 ve uygulanmas\u0131 a\u015famalar\u0131nda destek sa\u011flamaktad\u0131r.<\/span><\/p><p align=\"justify\">\u00a0<\/p><p align=\"justify\"><span lang=\"en-US\"><b>Faaliyetler:<\/b><\/span><\/p><ul><li><p align=\"justify\"><span lang=\"en-US\"><b>Y\u00fcz Y\u00fcze ve \u00c7evrimi\u00e7i Toplant\u0131lar: <\/b><\/span><span lang=\"en-US\">Sosyal ve e\u011fitim konular\u0131nda bilgi payla\u015f\u0131m\u0131 ve tart\u0131\u015fmalar yapmak \u00fczere hem y\u00fcz y\u00fcze hem de \u00e7evrimi\u00e7i toplant\u0131lar d\u00fczenlenmektedir. Bu toplant\u0131lar, kat\u0131l\u0131mc\u0131lar\u0131n farkl\u0131 bak\u0131\u015f a\u00e7\u0131lar\u0131n\u0131 anlamalar\u0131na ve deneyimlerini payla\u015fmalar\u0131na olanak tan\u0131maktad\u0131r.<\/span><\/p><\/li><li><p align=\"justify\"><span lang=\"en-US\"><b>Gezi Programlar\u0131: <\/b><\/span><span lang=\"en-US\">Kat\u0131l\u0131mc\u0131lara k\u00fclt\u00fcrel ve sosyal ke\u015fifler yapma f\u0131rsatlar\u0131 sunan gezi programlar\u0131 d\u00fczenlenmektedir. Bu geziler, \u00e7e\u015fitli b\u00f6lgeleri tan\u0131ma ve k\u00fclt\u00fcrel etkile\u015fimi te\u015fvik etme amac\u0131 ta\u015f\u0131maktad\u0131r.<\/span><\/p><\/li><li><p align=\"justify\"><span lang=\"en-US\"><b>\u00c7al\u0131\u015ftaylar: <\/b><\/span><span lang=\"en-US\">Belirli konular \u00fczerinde derinlemesine tart\u0131\u015fmalar\u0131n yap\u0131ld\u0131\u011f\u0131 \u00e7al\u0131\u015ftaylar organize edilmektedir. Bu \u00e7al\u0131\u015ftaylar, gen\u00e7lerin bilgi ve becerilerini geli\u015ftirmeyi ama\u00e7lamakta ve sosyal konularda yeni perspektifler kazand\u0131rmaktad\u0131r.<\/span><\/p><\/li><\/ul><p align=\"justify\">\u00a0<\/p><p align=\"justify\"><span lang=\"en-US\">Bu k\u00fclt\u00fcrel \u00e7al\u0131\u015ftaylar, Avrupa ve T\u00fcrkiye\u2019deki gen\u00e7ler aras\u0131nda g\u00fc\u00e7l\u00fc bir sosyal ve k\u00fclt\u00fcrel ba\u011f kurmay\u0131, bilgi payla\u015f\u0131m\u0131n\u0131 art\u0131rmay\u0131 ve ortak projelerin geli\u015fimini desteklemeyi ama\u00e7lamaktad\u0131r.<\/span><\/p>\t\t\t\t\t\t\t\t<\/div>\n\t\t\t\t\t<\/div>\n\t\t<\/div>\n\t\t\t\t\t<\/div>\n\t\t<\/section>\n\t\t\t\t<\/div>\n\t\t","protected":false},"excerpt":{"rendered":"<p>Bat\u0131 Trakya T\u00fcrk Toplumu \u0130le K\u00fclt\u00fcrel \u00c7al\u0131\u015ftaylar Tarih: Y\u0131l boyunca d\u00fczenli olarak ger\u00e7ekle\u015ftirilmektedir. \u00a0 Ama\u00e7: Avrupa\u2019da ya\u015fayan T\u00fcrk gen\u00e7leri ile T\u00fcrkiye\u2019deki gen\u00e7lerin bir araya gelerek sosyal konular ve e\u011fitim alanlar\u0131nda [&hellip;]<\/p>\n","protected":false},"author":1,"featured_media":0,"parent":0,"menu_order":0,"comment_status":"closed","ping_status":"closed","template":"","meta":{"give_campaign_id":0,"footnotes":""},"class_list":["post-14549","page","type-page","status-publish","hentry"],"campaignId":"","_links":{"self":[{"href":"https:\/\/horasan.dijitalpiksel.com\/index.php?rest_route=\/wp\/v2\/pages\/14549","targetHints":{"allow":["GET"]}}],"collection":[{"href":"https:\/\/horasan.dijitalpiksel.com\/index.php?rest_route=\/wp\/v2\/pages"}],"about":[{"href":"https:\/\/horasan.dijitalpiksel.com\/index.php?rest_route=\/wp\/v2\/types\/page"}],"author":[{"embeddable":true,"href":"https:\/\/horasan.dijitalpiksel.com\/index.php?rest_route=\/wp\/v2\/users\/1"}],"replies":[{"embeddable":true,"href":"https:\/\/horasan.dijitalpiksel.com\/index.php?rest_route=%2Fwp%2Fv2%2Fcomments&post=14549"}],"version-history":[{"count":7,"href":"https:\/\/horasan.dijitalpiksel.com\/index.php?rest_route=\/wp\/v2\/pages\/14549\/revisions"}],"predecessor-version":[{"id":15013,"href":"https:\/\/horasan.dijitalpiksel.com\/index.php?rest_route=\/wp\/v2\/pages\/14549\/revisions\/15013"}],"wp:attachment":[{"href":"https:\/\/horasan.dijitalpiksel.com\/index.php?rest_route=%2Fwp%2Fv2%2Fmedia&parent=14549"}],"curies":[{"name":"wp","href":"https:\/\/api.w.org\/{rel}","templated":true}]}}